 1149 = 0, -5*b + 3*b = -d - 2286. Suppose 1323 = 14*a - b. List the prime factors of a.
2, 11
Suppose -x + 20 = -13. Let o = x + -19. What are the prime factors of o?
2, 7
Suppose -146 + 26 = -5*q. Suppose 4*i + 13 = 5*n, 5*n - 2*n + 3*i - q = 0. Suppose n*o = 28 + 12. What are the prime factors of o?
2
Let z(f) = 1118*f**2 + 2*f - 4. What are the prime factors of z(-2)?
2, 3, 31
Let c = -102 + 102. List the prime factors of -2*106*(-1 + c)/1.
2, 53
Let v(o) = 13*o - 43. List the prime factors of v(22).
3
Let v be -2*(1/2 + -2). Suppose -5*k + 2 = -v*k. List the prime factors of (-36)/9 - k*-23.
19
List the prime factors of 723*((-12)/(-114) + (-1040)/(-228)).
2, 7, 241
Suppose -5*f + 1238 = -772. Let v = 617 - f. What are the prime factors of v?
5, 43
What are the prime factors of (2663/(-5) + -3)/((-2)/5)?
13, 103
Suppose 11 + 10 = 7*z. Suppose -n + 0*n + 97 = z*k, 3*n + 29 = k. List the prime factors of k.
2
Suppose -13 = -2*j - 5. Let a(k) = -2*k + 0*k + j + 9*k. List the prime factors of a(4).
2
Suppose 5*o - 268 - 2197 = 0. What are the prime factors of o?
17, 29
Let v = -18 - -17. Let x be (43 + v)/((-4)/6). Let w = x + 113. List the prime factors of w.
2, 5
Let i(h) be the third derivative of -h**6/120 - h**5/60 - h**4/24 + 2*h**3/3 + 6*h**2. Let c be i(0). List the prime factors of 3/((-251)/(-62) - c).
2, 31
Let p = 6744 - 4666. List the prime factors of p.
2, 1039
Suppose -2*j - 3*j = -85. Suppose -v = z - 97 + j, -322 = -4*v - 2*z. What are the prime factors of v?
3
Suppose -19*y + 10773 = 2*y. List the prime factors of y.
3, 19
Suppose 3 - 2 = u. Suppose -u = -2*j - 3. What are the prime factors of (-9)/(-18)*(25 - j)?
13
Suppose -5*i - 319 = -2*q, -611 = -4*q - 22*i + 23*i. What are the prime factors of q?
2, 19
Suppose b - 29 = -10. Suppose -p = -3*r + 15, -p + 4*r + 3 - b = 0. Let m(h) = h**3 + 12*h**2 + 8. What are the prime factors of m(p)?
2
Let r(b) = 3*b + 12. Let t be r(-4). Suppose v - 17 - 9 = t. List the prime factors of v.
2, 13
Let o(n) = n**3 + 4*n**2 + 3*n + 4. Let k be o(-4). Let f be k + 0 + 0 - -3. Let h(x) = x**3 + 4*x**2 - 7*x - 5. What are the prime factors of h(f)?
5
Suppose 4*h + 2 = 6*h. What are the prime factors of h - (-2 + (-1 - 136))?
2, 5, 7
Let f = -27 - -39. Suppose -157 = -r + 5*a - 0*a, 4*a - f = 0. What are the prime factors of r?
2, 43
Let x = -273 - -135. List the prime factors of 10/35 + x/(-7).
2, 5
Suppose -q - 5*x - 10 = 0, 5*q + 40 = -4*x + 11. Let o(y) = 6*y**2 + 6*y - 4. List the prime factors of o(q).
2, 29
Let a be ((-12)/(-12))/((-1)/(-5)). List the prime factors of (8/a)/((-11)/(-1045)).
2, 19
What are the prime factors of (2 - (4 + 4)) + 272?
2, 7, 19
Suppose 7*b = -b - 104. Let q(w) = -6*w + 23. What are the prime factors of q(b)?
101
Let d(z) = -3*z - 2. Let q be d(-2). Suppose q*m - 271 = -39. Suppose -3*g + 5*t = -53, 0*g + 4*t + m = 3*g. What are the prime factors of g?
2, 13
Let u be 46 - (-2)/((-6)/(-9)). Let i be (-924)/u - 1/7. Let q = 6 - i. List the prime factors of q.
5
Let u(d) = 2*d**2 + 37*d + 142. What are the prime factors of u(-52)?
2, 7, 37
List the prime factors of 4031 - -3*(-110)/30.
2, 3, 5, 67
Let a = -230 - -264. What are the prime factors of a?
2, 17
Suppose 15*k = -16*k + 153884. List the prime factors of k.
2, 17, 73
Let l be -2 + (1 - -3) - -14. Let i(n) = -n**3 + 18*n**2 - 18*n - 8. List the prime factors of i(l).
2, 3
Let d be (-21)/28 + 22/8. List the prime factors of (6/10)/(d*2/860).
3, 43
Suppose -5 = -5*b, -2*v - 4*b + 13 = -b. Suppose 148 = v*n - 5*z - 217, 283 = 4*n + 5*z. List the prime factors of n.
2, 3
Let d be 7/((-105)/(-822)) - 8/10. Suppose -x + 134 = -d. List the prime factors of x.
2, 47
Let l(w) = 2*w**2 + 6*w - 319. What are the prime factors of l(35)?
2341
Suppose 0 = -22*z + 27*z - 1010. What are the prime factors of z?
2, 101
Let z(i) = 4*i - 8*i + 11 - 3*i - i**2. Let y be z(-8). Suppose -6*f + 72 = -y*f. What are the prime factors of f?
2, 3
Suppose 51*z - 161882 = -11*z. List the prime factors of z.
7, 373
Let m = -11 + 20. Let x(o) be the third derivative of 3*o**4/8 - 3*o**3/2 + 22*o**2. List the prime factors of x(m).
2, 3
List the prime factors of (856/(-48))/((-3 + 7)/(-24)).
107
Let j(b) be the third derivative of -b**6/10 + b**5/12 - b**3/6 - 32*b**2. List the prime factors of j(-2).
5, 23
Let m(y) = -3*y**2 - 6*y + 3. Let g be m(-3). Let i(s) = 4*s**2 + 5*s - 12. List the prime factors of i(g).
2, 3, 17
Suppose 17*a - 12*a - 1805 = 0. What are the prime factors of a?
19
Let j = 257 - 184. What are the prime factors of j?
73
Suppose -3*r - d - d = 2, -r + 5*d + 22 = 0. Let l(q) = 14*q**2 + q + 1. Let b be l(-1). Let p = b - r. List the prime factors of p.
2, 3
Suppose -52*p - 514 = -54*p. List the prime factors of p.
257
Let t be (2*(-12)/(-9))/((-4)/(-6)). Suppose 137 + 207 = t*g. What are the prime factors of g?
2, 43
Suppose -2*z - 31*s + 27*s = -4938, 0 = -2*z - 2*s + 4934. List the prime factors of z.
5, 17, 29
Suppose -40*b = -41*b - 19. What are the prime factors of (-1 - -5) + -1 - b?
2, 11
Suppose 2*l + 2*r + 10 = 0, 4*r + 18 = -2*l - l. Let n be -10 + 8 + (-16)/l. What are the prime factors of 292/n - 8/12?
2, 3
Let i be 3/((-9)/(-2)) - (-56)/42. Let x = 38 - i. What are the prime factors of x?
2, 3
Let v(w) = -w**2 - 7*w. Let d be v(-3). Suppose -d + 15 = r. Suppose -n + 24 = r*n. List the prime factors of n.
2, 3
Suppose -5*t - 4*c + 70 = -c, 28 = 2*t + 2*c. Suppose -500 = -19*z + t*z. What are the prime factors of z?
2, 5
Suppose 17*j - 6084 = 1991. List the prime factors of j.
5, 19
Suppose -4*k - 44 = -15*k. Suppose 2 + 2 = g. Suppose 5*x - k*q = 37, 0 = -g*x + 3*x - q + 11. List the prime factors of x.
3
Let s(y) = 36*y**2 + 26*y + 312. List the prime factors of s(-9).
2, 3, 499
Let u(z) = -2*z**3 - 37*z**2 + 53*z - 54. What are the prime factors of u(-24)?
2, 3, 5, 167
Suppose 3*z - 28 = -4*j, -8 = -3*j + 5*j - 4*z. Suppose 2*p + 7 + 7 = -5*x, -x - 10 = j*p. List the prime factors of (-2)/(x - (-117)/60).
2, 5
Let i be (-1)/2 - ((-783)/6 + 1). Suppose -5*n - i = -684. List the prime factors of n.
3, 37
Suppose -227 = m - 4*m - 2*g, 4*m - g = 321. Suppose -3*i + 544 - m = 3*t, 4*t + i - 611 = 0. Suppose -y = -5*y + t. List the prime factors of y.
2, 19
Let s(o) = 281*o - 187. What are the prime factors of s(20)?
3, 1811
Suppose -6 = -2*k - n, -5*k - n - n = -14. Suppose 4*y + k*w - 61 = 41, 2*w = 6. List the prime factors of y.
2, 3
Let q(t) = 3*t + 6. Let z(y) = -y - 3. Let x(j) = -2*q(j) - 5*z(j). Let s be x(5). What are the prime factors of (17 - 1) + s + 4?
2, 3
Let b = -64 + 106. Let s = 107 - b. What are the prime factors of s?
5, 13
Let t be 12/12 - (-21 - 0). Let f = -11 + 7. Let w = t + f. What are the prime factors of w?
2, 3
Let g(z) = -3*z - 24*z**2 + 4 - 28*z**2 + 53*z**2. List the prime factors of g(8).
2, 11
Let a = -53 - -397. Suppose -4*j - 2*v - v + 636 = 0, a = 2*j - 5*v. List the prime factors of j.
2, 3
Let v(i) = 5*i**2 + 4*i + 9. What are the prime factors of v(6)?
3, 71
Let x = -121 + 288. What are the prime factors of x?
167
Suppose -u = 3*n - 722, n - 3*u = 106 + 138. Let j = n + -22. What are the prime factors of j?
3, 73
Suppose 2*u - 4*p = 12, 5*u + p + 3 + 11 = 0. What are the prime factors of (u - 1)*14*(-14)/4?
3, 7
Suppose 0 = -3*n + 10294 - 2857. What are the prime factors of n?
37, 67
Let k = -485 - -3262. What are the prime factors of k?
2777
Let m(c) = 6*c**3 - 4*c**2 - 7*c + 1. Let v(w) = -5*w**3 + 3*w**2 + 6*w - 1. Let s(b) = -4*m(b) - 5*v(b). What are the prime factors of s(2)?
3
Suppose -2*z + 2785 = 5*s, 5*z + 3*s = 7*z - 2809. List the prime factors of z.
2, 5, 7
Suppose s - 697 = z, z - 824 - 1989 = -4*s. List the prime factors of s.
2, 3, 13
Suppose 1 = 5*i - 24. Suppose -m - m = -i*h + 12, 5*m + 2*h = 28. Suppose 6*v = m*v + 64. What are the prime factors of v?
2
Suppose 2*y = 16 - 4. Let h = y + -4. Suppose m - 26 = 5*k, 3*k + 1 + h = 0. List the prime factors of m.
3, 7
Let j = -210 + 599. Let w be (-727)/(-5) + 4/(-10). Suppose w = -4*h + j. List the prime factors of h.
61
Suppose -3*m + 2235 = 5*h, -6*h + 7*h = 5*m + 475. List the prime factors of h.
2, 3, 5
Let a = -27 - -18. Let z = 21 + a. Let t = z + 3. What are the prime factors of t?
3, 5
Let 